 2467 a multiple of 95?
False
Is 158819 a multiple of 16?
False
Does 7 divide 369?
False
Is 15 a factor of 735?
True
Is 93 a factor of 6045?
True
Does 146 divide 28762?
True
Is 38 a factor of 2063?
False
Does 24 divide 918?
False
Is 33 a factor of 4224?
True
Is 792 a multiple of 44?
True
Does 32 divide 748?
False
Is 17 a factor of 639?
False
Is 6664 a multiple of 136?
True
Is 4890 a multiple of 163?
True
Is 24 a factor of 1152?
True
Does 7 divide 32858?
True
Is 1280 a multiple of 8?
True
Is 708 a multiple of 59?
True
Is 96977 a multiple of 37?
True
Is 4 a factor of 616?
True
Is 4 a factor of 1149?
False
Does 42 divide 2856?
True
Is 8740 a multiple of 10?
True
Is 767 a multiple of 59?
True
Does 3 divide 2361?
True
Is 15 a factor of 99?
False
Is 22932 a multiple of 78?
True
Is 462 a multiple of 21?
True
Does 24 divide 487?
False
Is 4352 a multiple of 68?
True
Is 27413 a multiple of 347?
True
Does 33 divide 2178?
True
Is 131 a factor of 3899?
False
Does 53 divide 15309?
False
Is 13 a factor of 923?
True
Does 2 divide 194?
True
Is 3913 a multiple of 5?
False
Is 144 a multiple of 4?
True
Is 8 a factor of 3217?
False
Does 17 divide 731?
True
Is 14760 a multiple of 60?
True
Is 25586 a multiple of 11?
True
Does 139 divide 2919?
True
Is 22 a factor of 3122?
False
Does 242 divide 38478?
True
Is 396 a multiple of 18?
True
Is 26 a factor of 1063?
False
Is 1792 a multiple of 64?
True
Is 14 a factor of 1477?
False
Does 18 divide 2052?
True
Is 972 a multiple of 54?
True
Is 1551 a multiple of 38?
False
Is 13492 a multiple of 8?
False
Is 27 a factor of 9693?
True
Does 122 divide 11224?
True
Does 46 divide 4078?
False
Is 75 a factor of 1350?
True
Is 8 a factor of 7072?
True
Is 6 a factor of 186?
True
Is 15984 a multiple of 72?
True
Is 18405 a multiple of 16?
False
Does 34 divide 575?
False
Is 5875 a multiple of 235?
True
Does 15 divide 99?
False
Is 99 a factor of 18531?
False
Is 6720 a multiple of 14?
True
Is 15 a factor of 4590?
True
Is 96 a factor of 392?
False
Is 59 a factor of 59?
True
Does 59 divide 2654?
False
Is 6 a factor of 173?
False
Does 39 divide 546?
True
Does 10 divide 973?
False
Does 15 divide 2265?
True
Does 18 divide 2746?
False
Does 9 divide 108?
True
Is 6 a factor of 456?
True
Is 25 a multiple of 4?
False
Is 39009 a multiple of 207?
False
Does 59 divide 590?
True
Is 1625 a multiple of 143?
False
Is 79 a factor of 237?
True
Is 10 a factor of 120?
True
Is 38444 a multiple of 14?
True
Does 55 divide 8249?
False
Is 120 a factor of 53280?
True
Is 11 a factor of 4708?
True
Does 9 divide 932?
False
Is 415 a multiple of 11?
False
Does 53 divide 1313?
False
Is 9045 a multiple of 201?
True
Does 15 divide 3010?
False
Does 8 divide 325?
False
Is 37 a factor of 518?
True
Does 3 divide 22195?
False
Does 16 divide 23088?
True
Does 99 divide 1363?
False
Does 6 divide 53502?
True
Is 10539 a multiple of 175?
False
Is 7 a factor of 321?
False
Is 14324 a multiple of 69?
False
Is 124 a factor of 987?
False
Does 9 divide 124?
False
Is 7 a factor of 689?
False
Is 3344 a multiple of 16?
True
Is 21 a factor of 1701?
True
Is 4120 a multiple of 10?
True
Does 4 divide 541?
False
Does 26 divide 1170?
True
Is 315 a multiple of 21?
True
Is 31 a factor of 682?
True
Is 70 a factor of 1397?
False
Is 8895 a multiple of 10?
False
Does 8 divide 4928?
True
Is 5 a factor of 89?
False
Is 468 a multiple of 13?
True
Does 49 divide 15876?
True
Does 3 divide 8742?
True
Does 21 divide 15876?
True
Does 14 divide 3150?
True
Is 492 a multiple of 6?
True
Is 27735 a multiple of 24?
False
Does 144 divide 42037?
False
Is 65960 a multiple of 136?
True
Is 1327 a multiple of 19?
False
Is 7 a factor of 619?
False
Is 22 a factor of 78892?
True
Is 1064 a multiple of 76?
True
Is 85 a multiple of 58?
False
Is 69798 a multiple of 109?
False
Is 29 a multiple of 5?
False
Does 22 divide 4664?
True
Is 848 a multiple of 10?
False
Does 17 divide 1666?
True
Is 35 a factor of 525?
True
Does 14 divide 5138?
True
Does 98 divide 6860?
True
Does 3 divide 582?
True
Is 48 a factor of 336?
True
Is 6084 a multiple of 78?
True
Does 109 divide 61217?
False
Is 39 a factor of 115206?
True
Does 32 divide 1820?
False
Does 9 divide 120?
False
Is 1642 a multiple of 22?
False
Is 8094 a multiple of 6?
True
Is 1826 a multiple of 27?
False
Is 20020 a multiple of 20?
True
Is 16 a factor of 1056?
True
Is 1435 a multiple of 21?
False
Does 15 divide 2744?
False
Does 47 divide 1790?
False
Is 663 a multiple of 17?
True
Does 9 divide 2664?
True
Is 69097 a multiple of 197?
False
Is 470 a multiple of 17?
False
Is 1240 a multiple of 16?
False
Is 8976 a multiple of 132?
True
Is 255 a multiple of 15?
True
Is 4185 a multiple of 59?
False
Is 5857 even?
False
Is 189 a multiple of 5?
False
Is 8496 a multiple of 144?
True
Does 18 divide 180?
True
Does 8 divide 1071?
False
Does 241 divide 122187?
True
Does 189 divide 33586?
False
Is 2 a factor of 122?
True
Does 66 divide 949?
False
Is 12114 a multiple of 43?
False
Is 7531 a multiple of 17?
True
Is 41 a factor of 37933?
False
Is 676 a multiple of 85?
False
Does 31 divide 806?
True
Does 82 divide 9512?
True
Is 4788 a multiple of 76?
True
Is 12822 a multiple of 118?
False
Is 9 a factor of 171?
True
Is 432 a multiple of 16?
True
Does 328 divide 139728?
True
Is 56 a factor of 2296?
True
Is 96 a factor of 21069?
False
Does 102 divide 6048?
False
Does 87 divide 957?
True
Is 20 a factor of 920?
True
Does 9 divide 1098?
True
Is 74 a factor of 3108?
True
Is 441 a multiple of 3?
True
Is 5139 a multiple of 51?
False
Is 364 a multiple of 7?
True
Is 263 a multiple of 3?
False
Does 73 divide 37376?
True
Is 122 a factor of 6466?
True
Is 3133 a multiple of 21?
False
Does 8 divide 94336?
True
Does 31 divide 22227?
True
Is 44 a factor of 572?
True
Is 108468 a multiple of 23?
True
Is 7667 a multiple of 11?
True
Is 576 a multiple of 64?
True
Is 572 a multiple of 52?
True
Is 13 a factor of 9503?
True
Is 1470 a multiple of 70?
True
Is 2240 a multiple of 35?
True
Is 5123 a multiple of 29?
False
Is 1325 a multiple of 25?
True
Is 32 a factor of 916?
False
Does 243 divide 5116?
False
Is 7 a factor of 84?
True
Is 106407 a multiple of 11?
False
Does 29 divide 725?
True
Is 3 a factor of 105?
True
Is 5400 a multiple of 272?
False
Is 2224 a multiple of 7?
False
Does 10 divide 17?
False
Is 17402 a multiple of 190?
False
Does 13 divide 665?
False
Is 23 a factor of 115690?
True
Is 83 a factor of 2296?
False
Does 18 divide 1584?
True
Is 11 a factor of 6355?
False
Is 680 a multiple of 68?
True
Does 73 divide 5358?
False
Is 13 a factor of 20306?
True
Is 96 a multiple of 24?
True
Does 3 divide 2295?
True
Is 5973 a multiple of 7?
False
Is 2086 a multiple of 14?
True
Is 32 a multiple of 2?
True
Does 56 divide 56?
True
Does 3 divide 2362?
False
Is 93 a factor of 7347?
True
Is 27 a factor of 9369?
True
Is 23 a factor of 2875?
True
Does 9 divide 495?
True
Is 1513 a multiple of 89?
True
Is 46413 a multiple of 70?
False
Is 29771 a multiple of 16?
False
Is 40 a factor of 6040?
True
Is 12 a factor of 1722?
False
Is 1296 a multiple of 24?
True
Is 46 a factor of 21344?
True
Does 58 divide 1276?
True
Is 1435 a multiple of 41?
True
Is 304 a factor of 20635?
False
Is 26712 a multiple of 10?
False
Is 25 a factor of 4580?
False
Is 9 a factor of 1494?
True
Is 53 a factor of 115?
False
Is 13409 a multiple of 15?
False
Does 10 divide 500?
True
Is 2768 a multiple of 3?
False
Does 109 divide 15265?
False
Is 9 a factor of 351?
True
Does 71 divide 39407?
False
Does 56 divide 1004?
False
Does 10 divide 31584?
False
Is 18410 a multiple of 14?
True
Does 10 divide 830?
True
Does 9 divide 908?
False
Does 260 divide 37737?
False
Does 175 divide 33600?
True
Is 528 a multiple of 12?
True
Does 14 divide 76?
False
Is 1340 a multiple of 82?
False
Is 5452 a multiple of 83?
False
Does 7 divide 64?
False
Does 70 divide 26884?
False
Is 98 a factor of 88034?
False
Is 28890 a multiple of 107?
True
Is 29 a factor of 154?
False
Is 14529 a multiple of 65?
False
Is 1560 a multiple of 25?
False
Is 66792 a multiple of 13?
False
Is 137 a factor of 3151?
True
Is 36 a factor of 9468?
True
Is 4324 a multiple of 71?
False
Is 7600 a multiple of 3?
False
Does 11 divide 47256?
True
Is 190 a multiple of 6?
False
Is 66 a factor of 145364?
False
Is 10 a factor of 1222?
False
Is 14 a fac